t are the prime factors of h(a)?
2, 13
Let f be ((-8)/6)/(4/(-78)). Suppose -3*v + 3*k + f = 2*v, -2*k = -v + 1. Suppose 2*p = 4*j + 34, 2*p - 2*j = v*p - 121. List the prime factors of p.
23
List the prime factors of (10 - (-3)/3)/(2/242).
11
Let n(g) = g**3 - 3*g**2 + 2*g - 2. Let w be n(3). Let k(h) = -h**2 - 6*h + 1. Let l be k(w). Let u = l - -58. What are the prime factors of u?
19
Let w = 144 - 139. Suppose -6*n + 222 = -w*n. List the prime factors of n.
2, 3, 37
Suppose -g + 2 = -0*g. What are the prime factors of (-59 + 12)/((-1)/g)?
2, 47
Let f = 219 - -47. List the prime factors of f.
2, 7, 19
Let v(k) = 44*k + 221. List the prime factors of v(9).
617
Suppose k - 6*k + 15 = 0. Let a(v) = 3*v**2 - 5 + 6*v**3 - 3*v**3 - 2*v**3 + k*v**2 - 3*v. What are the prime factors of a(-6)?
13
Let m(k) = -k + 19. Let g(q) = -q**3 - 14*q**2 + 14*q - 32. Let b be g(-15). What are the prime factors of m(b)?
2, 3
Let t = 2518 + -1680. What are the prime factors of t?
2, 419
Suppose -5*w + 14*w = 19719. List the prime factors of w.
7, 313
Suppose 2*h + 0*h + 0*h = 0. List the prime factors of (-471 - h)*(-6 - 112/(-21)).
2, 157
Let r = 56 + -86. Let d be (8/(-20))/(1/(-15)). List the prime factors of 10/r + 200/d.
3, 11
Let n = 99 + -99. Suppose 6*q - 12*q + 1296 = n. What are the prime factors of q?
2, 3
Let v(g) = 18*g**2 + 4*g + 4. What are the prime factors of v(6)?
2, 13
Let d(h) = 1 - 5*h**2 + 4*h + h**2 + h**2 + 2*h**2. Let r be d(2). Suppose -2*l - 84 = -7*l - 4*v, -r*v = -5. List the prime factors of l.
2
Let f = 4661 + -1300. List the prime factors of f.
3361
Let i(k) = -2*k**2 + 6*k**2 - 2*k**2 - 7 + 3*k. Let h be (-141)/27 + (-4)/(-18). What are the prime factors of i(h)?
2, 7
Suppose 0 = 2*a - 3*x - 683, -6*x = -3*a - x + 1024. List the prime factors of a.
7
Let x(j) = j**3 - 4*j**2 - 2*j + 3. Let q be x(4). Let m(u) be the second derivative of u**4/12 - u**3/3 - u**2 + 6*u. What are the prime factors of m(q)?
3, 11
Let l(c) be the first derivative of -5*c**3/6 - 3*c**2 - 11*c + 5. Let t(m) be the first derivative of l(m). List the prime factors of t(-3).
3
Let z be 2/6 - 5/(-3). Suppose -z*m + 44 = 2*m. Let h(q) = -q**3 + 10*q**2 + 15*q. What are the prime factors of h(m)?
2, 11
Let y = 1 - 2. Let v(z) = -16*z - 3. What are the prime factors of v(y)?
13
Suppose -11*n = -134 + 24. Suppose 4*f - 16 = 2*l + n, -4*f = -4*l - 24. What are the prime factors of f?
7
Let v(o) = -4*o**2 + 8*o - 7. Let c be v(5). Let j = c + 22. List the prime factors of (-1341)/j - 8/10.
29
Suppose -2*u = -19*u + 8347. List the prime factors of u.
491
Let f(x) = -x**3 - 24*x**2 - 17*x + 52. List the prime factors of f(-26).
2, 13, 71
Let o = 1427 - 669. List the prime factors of o.
2, 379
What are the prime factors of (-135)/(-54)*3076/10?
769
Suppose -2*z + z + 4*n = 13, 5*z = -2*n + 1. Suppose 4*q + 8 = 0, 4*v = -0*v + 5*q - 46. What are the prime factors of (-4)/8*v + z?
2, 3
Let s = -3 - 2. Let j = s + 4. What are the prime factors of 5/5 + (25 - j)?
3
Suppose 0 = -5*j - 4*v - v - 5, -3*j + 9 = -v. Suppose 0 = j*o - 4*o, -4*p + 780 = 5*o. What are the prime factors of p?
3, 5, 13
Let o = 41 - -38. Suppose 3*p - 2*p - o = -3*b, p + 5*b = 85. What are the prime factors of p?
2, 5, 7
Suppose -3*o + 4*n + 6436 = 0, 42*n + 10 = 47*n. List the prime factors of o.
2, 3, 179
Let n(p) = -334*p - 441. List the prime factors of n(-6).
3, 521
Let f(z) = 1 + z**2 - 19*z**3 + 0 - z + 3*z. Let t = -32 - -31. List the prime factors of f(t).
19
Let k = 1794 - 843. List the prime factors of k.
3, 317
Suppose 3*s + 33 = -75. Let t = 9 - s. What are the prime factors of t?
3, 5
Let o = 1181 + -714. Let r = -331 + o. What are the prime factors of r?
2, 17
List the prime factors of ((-35)/(-21))/((-10)/(-24)).
2
Let o(m) = 5*m**2 + 32*m + 4. List the prime factors of o(-9).
11
Suppose -4*g + 42 + 82 = 0. Let s = 94 + g. What are the prime factors of s?
5
Let w(o) = o - 8. Let a be w(11). Let t(m) = -2*m**2 - m + 1 - m + 7*m**a - 5*m**3 + 0*m**2. List the prime factors of t(2).
5
Suppose -22*k + 42 = -21*k. Let a = 2 + k. List the prime factors of a.
2, 11
Let i = -15 - -27. Let z = i - 8. Suppose 0 = -z*b - 98 + 298. What are the prime factors of b?
2, 5
Let t be (46/4)/((-2)/(-4)). Suppose 0 = 2*p + 3*p + 5*g + 5, -p + 5*g = -t. Suppose 32 = p*n - 37. List the prime factors of n.
23
Let d = -346 + 795. List the prime factors of d.
449
Let d be 2/(-6) + 17548/12. List the prime factors of d/18 + 2/(-9).
3
Let s(o) = o**2 - 12*o - 11. Let v = -54 + 47. What are the prime factors of s(v)?
2, 61
Let i = -77 - -294. List the prime factors of i.
7, 31
Suppose -4*v - 4*f = -8*v + 16, -2*v = -3*f - 8. Suppose 5*x = 4*m + 200, -v*m = 2*x + 2*x - 124. What are the prime factors of x?
2, 3
Let n = 1598 + -624. What are the prime factors of n?
2, 487
Suppose -6 = -7*g + 15. Suppose 2*l - 27 = -r + 2*r, -g*l = -r - 42. What are the prime factors of l?
3, 5
Let z = 537 - 65. What are the prime factors of z?
2, 59
Let t(s) = -2*s**2 + s + 286. List the prime factors of t(0).
2, 11, 13
Suppose 38*m - 37*m - 912 = 0. What are the prime factors of m?
2, 3, 19
Let b = 690 + -619. What are the prime factors of b?
71
Suppose -4*w + 3*b = -179, -4*w + 18 + 156 = -2*b. Let d = 60 - w. Suppose 3*k + q = 39, 5*q = -2*k + 2*q + d. What are the prime factors of k?
2, 7
Suppose 3*f - 2390 = 2*w - 542, 5*f + 2*w - 3096 = 0. What are the prime factors of f?
2, 3, 103
Suppose -11*m - 14889 = -18*m. List the prime factors of m.
3, 709
Let g = -295 - -123. Let i = g + 78. Let v = i + 147. List the prime factors of v.
53
Let f be (1 - 2)/((-1)/2). Let i be -1 + f + -3 + 4. Suppose -i*a - 6 = 0, 0*m - a + 39 = m. What are the prime factors of m?
2, 3, 7
What are the prime factors of (81/(-2))/((-144)/3648)?
2, 3, 19
Let w(m) = 6*m**3 - 14*m**2 + 23*m - 1. List the prime factors of w(9).
2, 1723
Suppose 153*c - 858 = 151*c. List the prime factors of c.
3, 11, 13
Let j be (-6)/2 + (10 - 3). Suppose -5*t + 5*c + 385 = 0, 2*t = -0*t - j*c + 124. What are the prime factors of t?
2, 3
Suppose 0 = -6*r + r + 1205. Let w be 15/(-35) + r/7. Suppose -5*s + 216 = -3*v + w, -3*s - 2*v + 113 = 0. What are the prime factors of s?
37
Suppose -12*f + 6895 + 2765 = 0. List the prime factors of f.
5, 7, 23
Let m(l) be the second derivative of l**3/3 - l**2/2 - 5*l. Let h be m(2). Suppose -h*t = t - 80. What are the prime factors of t?
2, 5
Suppose -2*p = -73 - 85. Let v = -11 + p. Let z = -24 + v. What are the prime factors of z?
2, 11
Suppose -4*t - t - 292 = 2*k, 4*k - 3*t + 636 = 0. Let z = 220 + k. What are the prime factors of z?
2
Let u = 27 - 26. List the prime factors of (-234)/(-2) - u - 2.
2, 3, 19
Suppose 2*s - 890 = 778. What are the prime factors of s?
2, 3, 139
Suppose -4*i - 14 = 2*l, 0 = 2*i - 3*i + 5*l + 24. Let t be (-2 - 1) + (13 - i). Suppose 2*p - 13 = t. What are the prime factors of p?
2, 3
Suppose 4*x - 5*g + 143 = 0, 0 = -4*g + 3 + 9. Suppose -2*u - 39 = -155. Let s = x + u. List the prime factors of s.
2, 13
Let m(y) = 28*y + 3. Let t = 5 - 2. Let p be m(t). Suppose 5*n = -b + 2*n + 45, -2*b - 3*n + p = 0. List the prime factors of b.
2, 3, 7
Suppose 0 = -5*b + 3*u + 4, 1 = -3*b - u + 9. Suppose 0 = b*v + q + 26, 2*q = -2*v - 3*q - 10. List the prime factors of 474/9 - 5/v.
53
Let t = 29 + -41. Let v = t + 18. Suppose v*c - 5*c - 13 = 0. What are the prime factors of c?
13
Suppose -4385 - 2688 = -11*u. List the prime factors of u.
643
Let a = -52 + 57. Suppose -a*n + 1216 = 3*n. What are the prime factors of n?
2, 19
What are the prime factors of 492 - -1*21/7?
3, 5, 11
Let x(f) = 32*f - 136. List the prime factors of x(22).
2, 71
Suppose 0 = 4*z - 147 - 261. What are the prime factors of 20485/z + (-1)/(-6)?
3, 67
Suppose -1070 = -6*h + 1222. What are the prime factors of h?
2, 191
Let d = -34 - -37. Suppose n - 410 = -5*l, 0 = 2*n - d*n - 5. List the prime factors of l.
83
Suppose -f = -17 - 23. Let a be (f + -1)/(-9 - -10). Suppose 2*n = 5*n - a. List the prime factors of n.
13
Suppose 3*m - 8 = -m. List the prime factors of (-3)/((-2*m/(-4))/(-4)).
2, 3
Suppose -15*h = -6*h - 54. List the prime factors of h.
2, 3
What are the prime factors of (-6)/(-14) + (-170538)/(-301)?
3, 7
Suppose -317*u = -3